1
Suppose -22*n = -95 + 7. List the prime factors of (104/39)/(n/1002).
2, 167
Let j(a) be the second derivative of -a**5/20 + 7*a**4/6 - 4*a**3/3 + 3*a**2 - 3*a. Let f be j(6). Suppose 3*o = 5*o - f. List the prime factors of o.
3, 41
Let s(y) = 3*y + 1392. What are the prime factors of s(-98)?
2, 3, 61
Suppose 22 = l + 29. List the prime factors of (708/l)/(74/(-259)).
2, 3, 59
Let g(w) = 34*w**2 + 24*w - 13. Let i be g(11). Suppose -6*z + i = 3*z. List the prime factors of z.
5, 97
Suppose 5*v - 105 = -5*o, 5*o - 2*o - 4*v = 91. Let w = o - 28. What are the prime factors of (w + -1)/2 + 113?
3, 37
Suppose 0 = -5*k + 2*i + 33448, -2*k - 10*i + 13384 = -6*i. Suppose -2*v = -4*m + k, -2*v = -m - 360 + 2031. List the prime factors of m.
7, 239
Let t = 42028 - 16127. List the prime factors of t.
59, 439
Suppose -2*w + 14 = 0, 7*w = -2*a + 10*w + 37229. List the prime factors of a.
5, 149
Suppose 4029706 + 2435038 = 234*g + 338*g. What are the prime factors of g?
2, 5651
Suppose l = 5*m - 71001, -6 = 4*l + 2*l. What are the prime factors of m?
2, 5, 71
Suppose -184423 = -5*g - 4*a, -2*a + 110658 = 3*g - a. List the prime factors of g.
36887
Suppose 3*i = -2*o + 40 + 35, -2*i + o = -50. Let a = i - 20. Let k(y) = 5*y**2 - 4*y + 22. List the prime factors of k(a).
127
Let t(z) = -29*z - 40. Let h(o) = -32*o - 41. Let p(m) = -4*h(m) + 5*t(m). What are the prime factors of p(-27)?
3, 47
Suppose -31*v = -63 - 216. Suppose 40*u = v*u + 36859. List the prime factors of u.
29, 41
Let g(o) = -12*o + 396. Let c be g(33). Suppose -2*a + 2235 = 5*d, c*a + 5*a + 4*d - 5596 = 0. List the prime factors of a.
2, 5, 7
Suppose 225 = 4*i + 4*m + 2249, 2*i + m = -1016. Let v = 50 - i. List the prime factors of v.
2, 5, 7
Let c = -39985 + 58793. List the prime factors of c.
2, 2351
Suppose 3*a + 20 - 446 = 0. Let t = a - -1298. Suppose 0 = 10*j - 0*j - t. What are the prime factors of j?
2, 3
Let v be (-1)/(-4 - (-369)/93). Let j = 36 - v. What are the prime factors of (3 - j - 0 - -1)*-131?
131
Suppose 0 = -4*o - 16, 11*y - 2*o = 6*y + 19653. What are the prime factors of y?
3929
Suppose -7*j = 1406 + 568. Let k = j + 568. List the prime factors of k.
2, 11, 13
Let t = -57 - -61. Suppose 4*f + 566 = -2*o, -t*f - 297 = 3*o + 272. Let z = f - -234. What are the prime factors of z?
2, 47
Let l = 206 + -204. Suppose 5*z - 2*t + 1004 - 3017 = 0, l*z - 810 = 2*t. List the prime factors of z.
401
Suppose 4*n + 7*j = 11*j + 32, -8 = 2*n + 4*j. Suppose -f + 1035 = -y, n*f = -y + 346 + 3819. List the prime factors of f.
2, 5, 13
Suppose 133607 = 19*a - 14*a - 3*n, 7*n + 106858 = 4*a. What are the prime factors of a?
5, 1069
Suppose -4*m = -5*m + 3. Suppose 0 = -18*f + 20*f + 3*k - 907, k = m. What are the prime factors of f?
449
Suppose 97*m - 325136 = 340381. List the prime factors of m.
3, 2287
Suppose 0 = -4*l + o - 2*o + 13, -3*l + 13 = 4*o. Suppose l*j + 10519 + 2039 = 0. List the prime factors of (-2)/4 + j/(-28).
149
Suppose 6 - 1 = j. Suppose j = 4*h + 3*w, -9 - 1 = -5*h - 3*w. Suppose -100 = -o + h*s, s + 0*s + 438 = 4*o. List the prime factors of o.
2, 5, 11
Let k(z) = z**3 - 4*z**2 + 4*z - 3. Let i be k(3). Suppose -2*q - 3*o + 25 = i, -2*o - 20 = -2*q - 0. What are the prime factors of q?
11
Let g(x) = 5*x + 19. Let r be g(7). Let p = r + 13. Let v = 159 - p. List the prime factors of v.
2, 23
Let x be 52/39 + 4/6. Suppose -5*t + 150 = 5*p, 4*t + x*p - 5*p - 85 = 0. Let w = 50 - t. What are the prime factors of w?
5
Suppose 2*s + 12 = 0, 5*m = -7*s + 4*s + 65727. What are the prime factors of m?
3, 487
What are the prime factors of (2 - 1)*491183/77?
6379
Suppose 2*z - 5*v = 32391, v - 746 = -745. List the prime factors of z.
2, 7, 13, 89
Suppose 25*d - 2*r = 27*d - 18090, -27137 = -3*d - 5*r. What are the prime factors of d?
2, 7, 17, 19
Suppose -41*y = -218*y + 5260086. What are the prime factors of y?
2, 3, 13, 127
List the prime factors of -7*(-240387)/(-588)*(-1 - 3).
11447
Suppose 225*b - 16625260 - 1578079 + 4062989 = 0. List the prime factors of b.
2, 7, 67
Suppose -10 = m + 3*p, 0 = -p - 5 - 0. Suppose -520 = -x + 4*k + k, -m*x - 5*k = -2510. List the prime factors of x.
5, 101
Let d = -34 + 39. Suppose r + 2*t = -4*r + 1169, 2*t = d*r - 1161. List the prime factors of r.
233
Suppose 26 = -3*x + 2*x. Let n = x - -33. Suppose -10*d = -n*d - 168. What are the prime factors of d?
2, 7
Let l(d) = 13*d**2 - 2*d - 118. Let t be l(-9). Suppose -2*n = 2*g - 412 - 66, 5*g = -4*n + t. List the prime factors of n.
2, 11
Suppose 49*w - 52*w = -t - 39730, -2*w - 3*t + 26494 = 0. List the prime factors of w.
2, 7, 11, 43
Suppose 4260 = 2*w + 2*o, -5*w - 9*o = -14*o - 10680. What are the prime factors of w?
3, 79
Suppose 2349*i - 2356*i = -37548. What are the prime factors of i?
2, 3, 149
Suppose -6*f + 226500 = 54*f. List the prime factors of f.
5, 151
Suppose 38*s = 32*s + 34332. List the prime factors of s.
2, 2861
Let z = -269 + 282. Let p(x) = 44*x - 97. What are the prime factors of p(z)?
5, 19
Suppose -4*k + 1010 = -14*k. Let b = k + 104. Suppose -2*q - q + 424 = -2*h, 0 = -3*h + b. What are the prime factors of q?
2, 71
Suppose 151335 = 54*f - 20*f - 19*f. What are the prime factors of f?
3, 19, 59
Suppose 0 = 12*w - 9*w - 6. Suppose -w*u = -81 + 173. Let k = 106 + u. List the prime factors of k.
2, 3, 5
Suppose -v + 704 - 7934 = -2*v. What are the prime factors of v?
2, 3, 5, 241
Let x(w) = 8*w**2 - 11*w - 13. Let k(l) = -l**3 + l**2 - l - 1. Let u(r) = -k(r) + x(r). Let z be u(-8). List the prime factors of (52 - (-36)/(-6))/(z/10).
5, 23
Suppose 5*z + l - 2*l = 5, -2*z + 2 = -2*l. Let n be -1*2*(z - 5/2). List the prime factors of 3378/24 - n/(-12).
3, 47
Let g be 4/3*(3*165 - 0). Suppose 4*p = -2*a + 658, 0*a - 5*p + g = 2*a. List the prime factors of a.
5, 13
Let g(h) = 1. Let i(k) = k**2 - k - 18. Let b(v) = 6*g(v) + i(v). Let t be (-1)/((-4)/32) - (16 + -18). What are the prime factors of b(t)?
2, 3, 13
What are the prime factors of 144/(-264) - (-5 + (-1211844)/33)?
19, 1933
Let r(n) = -n**2 + 3*n - 3. Let o be r(3). Let v(s) be the third derivative of s**5/10 + s**4/12 + s**3/6 + 6*s**2. What are the prime factors of v(o)?
7
Suppose 22*v = 21*v + 5. Suppose -v*i = 2*i - 2282. Suppose -4*o = -7*a + 2*a - 330, 4*o - 3*a - i = 0. List the prime factors of o.
2, 5
Suppose 0 = -4*m + 17 - 1. Suppose -k + 5*h = -524, -6*k - m*h + 2620 = -k. What are the prime factors of k?
2, 131
Let p(l) = 42*l**3 + 6*l**2 - 85*l + 362. What are the prime factors of p(7)?
17, 23, 37
Suppose 6*v = 3*v + 30. Let o(s) = -s + 14. Let f be o(v). Suppose f*x - 196 = 160. List the prime factors of x.
89
Suppose 5*l = -0*l + 5*h + 1085, 0 = -5*l - 4*h + 1076. Let w = l - 24. Suppose -5*o = 2*t - 0*t - 82, w = 4*t + 3*o. What are the prime factors of t?
3, 17
Let g be 143990/56 - 3*3/36. Suppose -3*c + g = 2*c - 3*o, -4*c = 5*o - 2042. What are the prime factors of c?
3, 19
Let h = 36 - 32. Suppose h*t - 2*t = 8. Suppose 4*r = -2*k + 2*r + 16, 2*k - 4*r - t = 0. What are the prime factors of k?
2, 3
What are the prime factors of 296/(-222)*104724/(-16)?
3, 2909
What are the prime factors of (-819)/(-3)*17 - 11?
2, 5, 463
Let g be -3*3/9*-3. List the prime factors of (83 - g)*(-54)/(-12).
2, 3, 5
Let u(i) = -81*i - 120. Let h be u(-7). Let r = 314 + h. What are the prime factors of r?
761
Suppose -3*b + u + 44 = 0, -2*u + 5*u - 24 = -3*b. Let j = 306 + -215. Let n = b + j. List the prime factors of n.
2, 13
List the prime factors of ((-8)/(-48))/((-1)/(-36114)).
13, 463
Suppose 16 = 5*n - 4. Let j(z) = -29*z - 1. Let l(r) = -60*r + 7. Let t(c) = 5*j(c) - 3*l(c). What are the prime factors of t(n)?
2, 3, 19
Suppose -12 = -3*t + f, t + 2*t = 4*f + 3. Let i = 59 - 16. Suppose -i = -d - 5*h, 6*h - h + 275 = t*d. List the prime factors of d.
53
Let t be -1 - (-13)/(1 - (-22)/(-23)). Let i = t - 182. Let g = 284 - i. What are the prime factors of g?
2, 3, 7
Suppose 4*w - 10919 = -2*t + 7*t, -2*t - 4363 = 3*w. Let a = t + 3159. List the prime factors of a.
2, 61
Suppose 7 = -5*c + 27, -4*u - 5*c + 31432 = 0. What are the prime factors of u?
7853
Let x(j) = 3*j**2 + 5*j - 20. Let a be x(-6). Let o = a - -40. List the prime factors of o.
2, 7
Suppose 19*a - 5719 = 7619. What are the prime